{"id":916,"date":"2024-08-24T12:00:39","date_gmt":"2024-08-24T10:00:39","guid":{"rendered":"https:\/\/www.lespepinsdemilio.fr\/?post_type=product&#038;p=916"},"modified":"2025-08-16T08:35:19","modified_gmt":"2025-08-16T06:35:19","slug":"reine-claude-rosee","status":"publish","type":"product","link":"https:\/\/www.lespepinsdemilio.fr\/index.php\/produit\/reine-claude-rosee\/","title":{"rendered":"REINE CLAUDE ROSEE"},"content":{"rendered":"<p><strong>Floraison :\u00a0<\/strong><\/p>\n<p><strong>R\u00e9colte :<\/strong> A partir de mi aout<\/p>\n<p><strong>Pollinisateur :<\/strong> Reine Claude dor\u00e9e<\/p>\n<p><strong>Le fruit :<\/strong> assez gros et color\u00e9 . Sa peau est lisse, rouge et jaune ce qui lui donne un aspect rose assez attractif.<\/p>\n<p><strong>Le gout <\/strong>:Sa chair est bien jaune et ferme, elle est assez sucr\u00e9e et quelque peu acidul\u00e9e.<\/p>\n<p><strong>Usage : <\/strong>Prune de table , confiture, p\u00e2tisserie<\/p>\n<p>&nbsp;<\/p>\n<p>&nbsp;<\/p>\n<p>&nbsp;<\/p>\n<p>&nbsp;<\/p>\n","protected":false},"excerpt":{"rendered":"<p>Floraison :\u00a0 R\u00e9colte : A partir de mi aout Pollinisateur : Reine Claude dor\u00e9e Le fruit : assez gros et color\u00e9 . Sa peau est lisse, rouge et jaune ce qui lui donne un aspect rose assez attractif. Le gout :Sa chair est bien jaune et ferme, elle est assez sucr\u00e9e et quelque peu acidul\u00e9e. [&hellip;]<\/p>\n","protected":false},"featured_media":917,"comment_status":"open","ping_status":"closed","template":"","meta":[],"product_brand":[],"product_cat":[24],"product_tag":[],"class_list":{"0":"post-916","1":"product","2":"type-product","3":"status-publish","4":"has-post-thumbnail","6":"product_cat-pruniers","8":"first","9":"instock","10":"shipping-taxable","11":"product-type-simple"},"_links":{"self":[{"href":"https:\/\/www.lespepinsdemilio.fr\/index.php\/wp-json\/wp\/v2\/product\/916","targetHints":{"allow":["GET"]}}],"collection":[{"href":"https:\/\/www.lespepinsdemilio.fr\/index.php\/wp-json\/wp\/v2\/product"}],"about":[{"href":"https:\/\/www.lespepinsdemilio.fr\/index.php\/wp-json\/wp\/v2\/types\/product"}],"replies":[{"embeddable":true,"href":"https:\/\/www.lespepinsdemilio.fr\/index.php\/wp-json\/wp\/v2\/comments?post=916"}],"version-history":[{"count":3,"href":"https:\/\/www.lespepinsdemilio.fr\/index.php\/wp-json\/wp\/v2\/product\/916\/revisions"}],"predecessor-version":[{"id":1498,"href":"https:\/\/www.lespepinsdemilio.fr\/index.php\/wp-json\/wp\/v2\/product\/916\/revisions\/1498"}],"wp:featuredmedia":[{"embeddable":true,"href":"https:\/\/www.lespepinsdemilio.fr\/index.php\/wp-json\/wp\/v2\/media\/917"}],"wp:attachment":[{"href":"https:\/\/www.lespepinsdemilio.fr\/index.php\/wp-json\/wp\/v2\/media?parent=916"}],"wp:term":[{"taxonomy":"product_brand","embeddable":true,"href":"https:\/\/www.lespepinsdemilio.fr\/index.php\/wp-json\/wp\/v2\/product_brand?post=916"},{"taxonomy":"product_cat","embeddable":true,"href":"https:\/\/www.lespepinsdemilio.fr\/index.php\/wp-json\/wp\/v2\/product_cat?post=916"},{"taxonomy":"product_tag","embeddable":true,"href":"https:\/\/www.lespepinsdemilio.fr\/index.php\/wp-json\/wp\/v2\/product_tag?post=916"}],"curies":[{"name":"wp","href":"https:\/\/api.w.org\/{rel}","templated":true}]}}