{"id":1802,"date":"2025-10-25T09:07:28","date_gmt":"2025-10-25T07:07:28","guid":{"rendered":"https:\/\/www.lespepinsdemilio.fr\/?post_type=product&#038;p=1802"},"modified":"2025-10-25T09:07:29","modified_gmt":"2025-10-25T07:07:29","slug":"reine-claude-d-oullins","status":"publish","type":"product","link":"https:\/\/www.lespepinsdemilio.fr\/index.php\/produit\/reine-claude-d-oullins\/","title":{"rendered":"Reine Claude d &lsquo;Oullins"},"content":{"rendered":"<h2 class=\"western\"><span style=\"color: #ff0000\"><span style=\"font-family: Poppins, sans-serif\"><span style=\"font-size: medium\"><b>Reine Claude <\/b><b>Oullins<\/b><\/span><\/span><\/span><\/h2>\n<p class=\"western\"><b>F<\/b><b>loraison<\/b>\u00a0: AVRIL<\/p>\n<p class=\"western\"><b>R<\/b><b>\u00e9colte\u00a0<\/b>: Fin Juillet \/ D\u00e9but Ao\u00fbt<\/p>\n<p class=\"western\"><b>Pollinisateur\u00a0<\/b>: Autofertile<\/p>\n<p class=\"western\"><b>Le fruit<\/b>\u00a0: \u00e9piderme et chaire jaune<\/p>\n<p class=\"western\"><b>Le go\u00fbt\u00a0:<\/b> parfum\u00e9 et sucr\u00e9, bon \u00e9quilibre<\/p>\n","protected":false},"excerpt":{"rendered":"<p>Reine Claude Oullins Floraison\u00a0: AVRIL R\u00e9colte\u00a0: Fin Juillet \/ D\u00e9but Ao\u00fbt Pollinisateur\u00a0: Autofertile Le fruit\u00a0: \u00e9piderme et chaire jaune Le go\u00fbt\u00a0: parfum\u00e9 et sucr\u00e9, bon \u00e9quilibre<\/p>\n","protected":false},"featured_media":1803,"comment_status":"closed","ping_status":"closed","template":"","meta":[],"product_brand":[],"product_cat":[24],"product_tag":[],"class_list":{"0":"post-1802","1":"product","2":"type-product","3":"status-publish","4":"has-post-thumbnail","6":"product_cat-pruniers","8":"first","9":"instock","10":"shipping-taxable","11":"product-type-simple"},"_links":{"self":[{"href":"https:\/\/www.lespepinsdemilio.fr\/index.php\/wp-json\/wp\/v2\/product\/1802","targetHints":{"allow":["GET"]}}],"collection":[{"href":"https:\/\/www.lespepinsdemilio.fr\/index.php\/wp-json\/wp\/v2\/product"}],"about":[{"href":"https:\/\/www.lespepinsdemilio.fr\/index.php\/wp-json\/wp\/v2\/types\/product"}],"replies":[{"embeddable":true,"href":"https:\/\/www.lespepinsdemilio.fr\/index.php\/wp-json\/wp\/v2\/comments?post=1802"}],"version-history":[{"count":1,"href":"https:\/\/www.lespepinsdemilio.fr\/index.php\/wp-json\/wp\/v2\/product\/1802\/revisions"}],"predecessor-version":[{"id":1804,"href":"https:\/\/www.lespepinsdemilio.fr\/index.php\/wp-json\/wp\/v2\/product\/1802\/revisions\/1804"}],"wp:featuredmedia":[{"embeddable":true,"href":"https:\/\/www.lespepinsdemilio.fr\/index.php\/wp-json\/wp\/v2\/media\/1803"}],"wp:attachment":[{"href":"https:\/\/www.lespepinsdemilio.fr\/index.php\/wp-json\/wp\/v2\/media?parent=1802"}],"wp:term":[{"taxonomy":"product_brand","embeddable":true,"href":"https:\/\/www.lespepinsdemilio.fr\/index.php\/wp-json\/wp\/v2\/product_brand?post=1802"},{"taxonomy":"product_cat","embeddable":true,"href":"https:\/\/www.lespepinsdemilio.fr\/index.php\/wp-json\/wp\/v2\/product_cat?post=1802"},{"taxonomy":"product_tag","embeddable":true,"href":"https:\/\/www.lespepinsdemilio.fr\/index.php\/wp-json\/wp\/v2\/product_tag?post=1802"}],"curies":[{"name":"wp","href":"https:\/\/api.w.org\/{rel}","templated":true}]}}